{"id":17076,"date":"2019-04-09T22:22:20","date_gmt":"2019-04-09T22:22:20","guid":{"rendered":"https:\/\/octaedro.com\/producto\/aprender-a-ser-docente-de-secundaria\/"},"modified":"2023-04-20T11:24:11","modified_gmt":"2023-04-20T09:24:11","slug":"aprender-a-ser-docente-de-secundaria","status":"publish","type":"product","link":"https:\/\/wizardly-davinci.82-223-8-23.plesk.page\/en\/producto\/aprender-a-ser-docente-de-secundaria\/","title":{"rendered":"Aprender a ser docente de secundaria"},"content":{"rendered":"<p>La falta de formaci\u00f3n especializada de las personas que han optado por ser docentes de educaci\u00f3n secundaria ha sido una de las carencias m\u00e1s flagrantes y sangrantes del sistema educativo espa\u00f1ol. El reci\u00e9n estrenado M\u00e1ster en Formaci\u00f3n del Profesorado en Educaci\u00f3n Secundaria puede ser una oportunidad para cubrir este vac\u00edo, aunque su planteamiento actual carece de la ambici\u00f3n y los recursos necesarios para afrontar con garant\u00edas la formaci\u00f3n de personas con conocimiento y actitudes para la compleja tarea que supone educar a j\u00f3venes en \u00abun mundo vol\u00e1til, incierto, complejo y ambiguo\u00bb (David Berliner).<br \/>\nEn este marco, este libro recoge una serie de historias en torno a una experiencia de formaci\u00f3n inicial del profesorado, que en los pliegues y m\u00e1rgenes de las instituciones, ha tenido lugar desde el curso 1988-1989 hasta el 2004-2005 en la Facultad de Bellas Artes de la Universidad de Barcelona. Es, por tanto, un libro sobre lo vivido, pero no para constituirse en deber ser, sino para compartir lo que ha sido un tejido de historias que nos ha formado y nos ha permitido crecer como educadores a todos (estudiantes, tutores y formadores) los que en ella hemos participado.<br \/>\nEl contenido de este libro transita en un escenario en el que pensar sobre la formaci\u00f3n de los docentes ya no es s\u00f3lo una necesidad acad\u00e9mica o un deber de las administraciones educativas, sino una urgencia social. Y lo es porque es necesario dar respuestas imaginativas en un momento hist\u00f3rico en el que la instituci\u00f3n escolar sigue mirando a su pasado fundacional de hace ciento cincuenta a\u00f1os, mientras los docentes han de favorecer el deseo de aprender a unos sujetos que viven en un mundo contradictorio y cambiante.<\/p>\n","protected":false},"excerpt":{"rendered":"<p>La falta de formaci\u00f3n especializada de las personas que han optado por ser docentes de educaci\u00f3n secundaria ha sido una de las carencias m\u00e1s flagrantes y sangrantes del sistema educativo espa\u00f1ol. El reci\u00e9n estrenado M\u00e1ster en Formaci\u00f3n del Profesorado en Educaci\u00f3n Secundaria puede ser una oportunidad para cubrir este vac\u00edo, aunque su planteamiento actual carece de la ambici\u00f3n y los recursos necesarios para afrontar con garant\u00edas la formaci\u00f3n de personas con conocimiento y actitudes para la compleja tarea que supone educar a j\u00f3venes en \u00abun mundo vol\u00e1til, incierto, complejo y ambiguo\u00bb (David Berliner).<br \/>\nEn este marco, este libro recoge una serie de historias en torno a una experiencia de formaci\u00f3n inicial del profesorado, que en los pliegues y m\u00e1rgenes de las instituciones, ha tenido lugar desde el curso 1988-1989 hasta el 2004-2005 en la Facultad de Bellas Artes de la Universidad de Barcelona. Es, por tanto, un libro sobre lo vivido, pero no para constituirse en deber ser, sino para compartir lo que ha sido un tejido de historias que nos ha formado y nos ha permitido crecer como educadores a todos (estudiantes, tutores y formadores) los que en ella hemos participado.<br \/>\nEl contenido de este libro transita en un escenario en el que pensar sobre la formaci\u00f3n de los docentes ya no es s\u00f3lo una necesidad acad\u00e9mica o un deber de las administraciones educativas, sino una urgencia social. Y lo es porque es necesario dar respuestas imaginativas en un momento hist\u00f3rico en el que la instituci\u00f3n escolar sigue mirando a su pasado fundacional de hace ciento cincuenta a\u00f1os, mientras los docentes han de favorecer el deseo de aprender a unos sujetos que viven en un mundo contradictorio y cambiante.<\/p>\n","protected":false},"featured_media":17077,"comment_status":"open","ping_status":"closed","template":"","meta":{"_et_pb_use_builder":"","_et_pb_old_content":"","_et_gb_content_width":""},"product_cat":[1512,6675],"product_tag":[2602],"edicion":[1083],"editoriales":[1160],"tienda":[],"autor_id":[5675],"universidades_coeditoras":[7256],"palabras_clave":[],"listado_alfabetico":[],"acf":[],"_links":{"self":[{"href":"https:\/\/wizardly-davinci.82-223-8-23.plesk.page\/en\/wp-json\/wp\/v2\/product\/17076"}],"collection":[{"href":"https:\/\/wizardly-davinci.82-223-8-23.plesk.page\/en\/wp-json\/wp\/v2\/product"}],"about":[{"href":"https:\/\/wizardly-davinci.82-223-8-23.plesk.page\/en\/wp-json\/wp\/v2\/types\/product"}],"replies":[{"embeddable":true,"href":"https:\/\/wizardly-davinci.82-223-8-23.plesk.page\/en\/wp-json\/wp\/v2\/comments?post=17076"}],"wp:featuredmedia":[{"embeddable":true,"href":"https:\/\/wizardly-davinci.82-223-8-23.plesk.page\/en\/wp-json\/wp\/v2\/media\/17077"}],"wp:attachment":[{"href":"https:\/\/wizardly-davinci.82-223-8-23.plesk.page\/en\/wp-json\/wp\/v2\/media?parent=17076"}],"wp:term":[{"taxonomy":"product_cat","embeddable":true,"href":"https:\/\/wizardly-davinci.82-223-8-23.plesk.page\/en\/wp-json\/wp\/v2\/product_cat?post=17076"},{"taxonomy":"product_tag","embeddable":true,"href":"https:\/\/wizardly-davinci.82-223-8-23.plesk.page\/en\/wp-json\/wp\/v2\/product_tag?post=17076"},{"taxonomy":"edicion","embeddable":true,"href":"https:\/\/wizardly-davinci.82-223-8-23.plesk.page\/en\/wp-json\/wp\/v2\/edicion?post=17076"},{"taxonomy":"editoriales","embeddable":true,"href":"https:\/\/wizardly-davinci.82-223-8-23.plesk.page\/en\/wp-json\/wp\/v2\/editoriales?post=17076"},{"taxonomy":"tienda","embeddable":true,"href":"https:\/\/wizardly-davinci.82-223-8-23.plesk.page\/en\/wp-json\/wp\/v2\/tienda?post=17076"},{"taxonomy":"autor_id","embeddable":true,"href":"https:\/\/wizardly-davinci.82-223-8-23.plesk.page\/en\/wp-json\/wp\/v2\/autor_id?post=17076"},{"taxonomy":"universidades_coeditoras","embeddable":true,"href":"https:\/\/wizardly-davinci.82-223-8-23.plesk.page\/en\/wp-json\/wp\/v2\/universidades_coeditoras?post=17076"},{"taxonomy":"palabras_clave","embeddable":true,"href":"https:\/\/wizardly-davinci.82-223-8-23.plesk.page\/en\/wp-json\/wp\/v2\/palabras_clave?post=17076"},{"taxonomy":"listado_alfabetico","embeddable":true,"href":"https:\/\/wizardly-davinci.82-223-8-23.plesk.page\/en\/wp-json\/wp\/v2\/listado_alfabetico?post=17076"}],"curies":[{"name":"wp","href":"https:\/\/api.w.org\/{rel}","templated":true}]}}

<p>La falta de formación especializada de las personas que han optado por ser docentes de educación secundaria ha sido una de las carencias más flagrantes y sangrantes del sistema educativo español. El recién estrenado Máster en Formación del Profesorado en Educación Secundaria puede ser una oportunidad para cubrir este vacío, aunque su planteamiento actual carece de la ambición y los recursos necesarios para afrontar con garantías la formación de personas con conocimiento y actitudes para la compleja tarea que supone educar a jóvenes en «un mundo volátil, incierto, complejo y ambiguo» (David Berliner).<br />
En este marco, este libro recoge una serie de historias en torno a una experiencia de formación inicial del profesorado, que en los pliegues y márgenes de las instituciones, ha tenido lugar desde el curso 1988-1989 hasta el 2004-2005 en la Facultad de Bellas Artes de la Universidad de Barcelona. Es, por tanto, un libro sobre lo vivido, pero no para constituirse en deber ser, sino para compartir lo que ha sido un tejido de historias que nos ha formado y nos ha permitido crecer como educadores a todos (estudiantes, tutores y formadores) los que en ella hemos participado.<br />
El contenido de este libro transita en un escenario en el que pensar sobre la formación de los docentes ya no es sólo una necesidad académica o un deber de las administraciones educativas, sino una urgencia social. Y lo es porque es necesario dar respuestas imaginativas en un momento histórico en el que la institución escolar sigue mirando a su pasado fundacional de hace ciento cincuenta años, mientras los docentes han de favorecer el deseo de aprender a unos sujetos que viven en un mundo contradictorio y cambiante.</p>
