{"id":17743,"date":"2019-04-09T22:52:10","date_gmt":"2019-04-09T22:52:10","guid":{"rendered":"https:\/\/octaedro.com\/producto\/rimas-y-leyendas\/"},"modified":"2023-04-24T12:38:05","modified_gmt":"2023-04-24T10:38:05","slug":"rimas-y-leyendas","status":"publish","type":"product","link":"https:\/\/wizardly-davinci.82-223-8-23.plesk.page\/en\/producto\/rimas-y-leyendas\/","title":{"rendered":"Rimas y leyendas"},"content":{"rendered":"<p>Es dif\u00edcil separar con claridad al B\u00e9cquer poeta del B\u00e9cquer prosista. La atm\u00f3sfera, la tem\u00e1tica y la tonalidad se da en uno y en otro de manera semejante. En <em>Rimas, <\/em> el poeta concibe la poes\u00eda como algo interior del \u201calma\u201d que necesita del poema para manifestarse. A diferencia de las <em>Rimas, <\/em> en las <em>Leyendas<\/em> us\u00f3 la prosa para dar una visi\u00f3n po\u00e9tica del mundo de manera m\u00e1s amplia y flexible.<br \/>\nEste manual constituye una herramienta imprescindible para conocer al primer poeta rom\u00e1ntico espa\u00f1ol y su \u00e9poca a trav\u00e9s no s\u00f3lo de la lectura de los poemas y leyendas sino tambi\u00e9n a trav\u00e9s de la introducci\u00f3n hist\u00f3rica, y actividades de trabajo y reflexi\u00f3n que proponen los editores Salvador Sol\u00e9 y M\u00aa Carmen Bellido.<\/p>\n","protected":false},"excerpt":{"rendered":"<p>Es dif\u00edcil separar con claridad al B\u00e9cquer poeta del B\u00e9cquer prosista. La atm\u00f3sfera, la tem\u00e1tica y la tonalidad se da en uno y en otro de manera semejante. En <em>Rimas, <\/em> el poeta concibe la poes\u00eda como algo interior del \u201calma\u201d que necesita del poema para manifestarse. A diferencia de las <em>Rimas, <\/em> en las <em>Leyendas<\/em> us\u00f3 la prosa para dar una visi\u00f3n po\u00e9tica del mundo de manera m\u00e1s amplia y flexible.<br \/>\nEste manual constituye una herramienta imprescindible para conocer al primer poeta rom\u00e1ntico espa\u00f1ol y su \u00e9poca a trav\u00e9s no s\u00f3lo de la lectura de los poemas y leyendas sino tambi\u00e9n a trav\u00e9s de la introducci\u00f3n hist\u00f3rica, y actividades de trabajo y reflexi\u00f3n que proponen los editores Salvador Sol\u00e9 y M\u00aa Carmen Bellido.<\/p>\n","protected":false},"featured_media":17744,"comment_status":"open","ping_status":"closed","template":"","meta":{"_et_pb_use_builder":"","_et_pb_old_content":"","_et_gb_content_width":""},"product_cat":[1512],"product_tag":[2602],"edicion":[1083],"editoriales":[1160],"tienda":[],"autor_id":[5201],"universidades_coeditoras":[],"palabras_clave":[],"listado_alfabetico":[],"acf":[],"_links":{"self":[{"href":"https:\/\/wizardly-davinci.82-223-8-23.plesk.page\/en\/wp-json\/wp\/v2\/product\/17743"}],"collection":[{"href":"https:\/\/wizardly-davinci.82-223-8-23.plesk.page\/en\/wp-json\/wp\/v2\/product"}],"about":[{"href":"https:\/\/wizardly-davinci.82-223-8-23.plesk.page\/en\/wp-json\/wp\/v2\/types\/product"}],"replies":[{"embeddable":true,"href":"https:\/\/wizardly-davinci.82-223-8-23.plesk.page\/en\/wp-json\/wp\/v2\/comments?post=17743"}],"wp:featuredmedia":[{"embeddable":true,"href":"https:\/\/wizardly-davinci.82-223-8-23.plesk.page\/en\/wp-json\/wp\/v2\/media\/17744"}],"wp:attachment":[{"href":"https:\/\/wizardly-davinci.82-223-8-23.plesk.page\/en\/wp-json\/wp\/v2\/media?parent=17743"}],"wp:term":[{"taxonomy":"product_cat","embeddable":true,"href":"https:\/\/wizardly-davinci.82-223-8-23.plesk.page\/en\/wp-json\/wp\/v2\/product_cat?post=17743"},{"taxonomy":"product_tag","embeddable":true,"href":"https:\/\/wizardly-davinci.82-223-8-23.plesk.page\/en\/wp-json\/wp\/v2\/product_tag?post=17743"},{"taxonomy":"edicion","embeddable":true,"href":"https:\/\/wizardly-davinci.82-223-8-23.plesk.page\/en\/wp-json\/wp\/v2\/edicion?post=17743"},{"taxonomy":"editoriales","embeddable":true,"href":"https:\/\/wizardly-davinci.82-223-8-23.plesk.page\/en\/wp-json\/wp\/v2\/editoriales?post=17743"},{"taxonomy":"tienda","embeddable":true,"href":"https:\/\/wizardly-davinci.82-223-8-23.plesk.page\/en\/wp-json\/wp\/v2\/tienda?post=17743"},{"taxonomy":"autor_id","embeddable":true,"href":"https:\/\/wizardly-davinci.82-223-8-23.plesk.page\/en\/wp-json\/wp\/v2\/autor_id?post=17743"},{"taxonomy":"universidades_coeditoras","embeddable":true,"href":"https:\/\/wizardly-davinci.82-223-8-23.plesk.page\/en\/wp-json\/wp\/v2\/universidades_coeditoras?post=17743"},{"taxonomy":"palabras_clave","embeddable":true,"href":"https:\/\/wizardly-davinci.82-223-8-23.plesk.page\/en\/wp-json\/wp\/v2\/palabras_clave?post=17743"},{"taxonomy":"listado_alfabetico","embeddable":true,"href":"https:\/\/wizardly-davinci.82-223-8-23.plesk.page\/en\/wp-json\/wp\/v2\/listado_alfabetico?post=17743"}],"curies":[{"name":"wp","href":"https:\/\/api.w.org\/{rel}","templated":true}]}}

<p>Es difícil separar con claridad al Bécquer poeta del Bécquer prosista. La atmósfera, la temática y la tonalidad se da en uno y en otro de manera semejante. En <em>Rimas, </em> el poeta concibe la poesía como algo interior del “alma” que necesita del poema para manifestarse. A diferencia de las <em>Rimas, </em> en las <em>Leyendas</em> usó la prosa para dar una visión poética del mundo de manera más amplia y flexible.<br />
Este manual constituye una herramienta imprescindible para conocer al primer poeta romántico español y su época a través no sólo de la lectura de los poemas y leyendas sino también a través de la introducción histórica, y actividades de trabajo y reflexión que proponen los editores Salvador Solé y Mª Carmen Bellido.</p>
